{"id":296,"date":"2017-02-10T09:16:19","date_gmt":"2017-02-10T12:16:19","guid":{"rendered":"http:\/\/associacaomedicacascavel.com\/?page_id=296"},"modified":"2017-02-10T09:16:45","modified_gmt":"2017-02-10T12:16:45","slug":"legislacao","status":"publish","type":"page","link":"https:\/\/associacaomedicacascavel.com\/index.php\/legislacao\/","title":{"rendered":"Legisla\u00e7\u00e3o"},"content":{"rendered":"<body><h3 style=\"text-align: center;\"><span style=\"color: #6ec1e4;\"><strong><a style=\"color: #6ec1e4;\" href=\"http:\/\/associacaomedicacascavel.com\/wp-content\/uploads\/2017\/02\/codigo-de-etica-medica.pdf\" target=\"_blank\">C\u00f3digo de \u00c9tica M\u00e9dica \u2013 Conselho Federal de Medicina<\/a><\/strong><\/span><\/h3>\n<h3 style=\"text-align: center;\"><span style=\"color: #6ec1e4;\"><strong><a style=\"color: #6ec1e4;\" href=\"http:\/\/associacaomedicacascavel.com\/wp-content\/uploads\/2017\/02\/CodigodeEticaEstudantes.pdf\" target=\"_blank\">C\u00f3digo de \u00c9tica dos Estudantes de Medicina<\/a><\/strong><\/span><\/h3>\n<h3 style=\"text-align: center;\"><span style=\"color: #6ec1e4;\"><a style=\"color: #6ec1e4;\" href=\"http:\/\/www.portalmedico.org.br\/php\/pesquisa_pareceres.php\" target=\"_blank\"><strong>Pareceres (pesquisa dos Pareceres do CFM)<\/strong><\/a><\/span><\/h3>\n<h3 style=\"text-align: center;\"><span style=\"color: #6ec1e4;\"><a style=\"color: #6ec1e4;\" href=\"http:\/\/www.portalmedico.org.br\/php\/pesquisa_resolucoes.php\" target=\"_blank\"><strong>Resolu\u00e7\u00f5es\u00a0(pesquisa das Resolu\u00e7\u00f5es\u00a0do CFM)<\/strong><\/a><\/span><\/h3>\n<h3 style=\"text-align: center;\"><span style=\"color: #6ec1e4;\"><a style=\"color: #6ec1e4;\" href=\"http:\/\/associacaomedicacascavel.com\/wp-content\/uploads\/2017\/02\/95_texto_integral.pdf\" target=\"_blank\"><b>C\u00f3digo Municipal de Sa\u00fade de Cascavel-PR<\/b><\/a><\/span><\/h3>\n<\/body>","protected":false},"excerpt":{"rendered":"<p>C\u00f3digo de \u00c9tica M\u00e9dica \u2013 Conselho Federal de Medicina C\u00f3digo de \u00c9tica dos Estudantes de Medicina Pareceres (pesquisa dos Pareceres do CFM) Resolu\u00e7\u00f5es\u00a0(pesquisa das Resolu\u00e7\u00f5es\u00a0do CFM) C\u00f3digo Municipal de Sa\u00fade de Cascavel-PR<\/p>\n","protected":false},"author":1,"featured_media":0,"parent":0,"menu_order":0,"comment_status":"closed","ping_status":"closed","template":"","meta":{"footnotes":""},"class_list":["post-296","page","type-page","status-publish","hentry"],"_links":{"self":[{"href":"https:\/\/associacaomedicacascavel.com\/index.php\/wp-json\/wp\/v2\/pages\/296","targetHints":{"allow":["GET"]}}],"collection":[{"href":"https:\/\/associacaomedicacascavel.com\/index.php\/wp-json\/wp\/v2\/pages"}],"about":[{"href":"https:\/\/associacaomedicacascavel.com\/index.php\/wp-json\/wp\/v2\/types\/page"}],"author":[{"embeddable":true,"href":"https:\/\/associacaomedicacascavel.com\/index.php\/wp-json\/wp\/v2\/users\/1"}],"replies":[{"embeddable":true,"href":"https:\/\/associacaomedicacascavel.com\/index.php\/wp-json\/wp\/v2\/comments?post=296"}],"version-history":[{"count":3,"href":"https:\/\/associacaomedicacascavel.com\/index.php\/wp-json\/wp\/v2\/pages\/296\/revisions"}],"predecessor-version":[{"id":349,"href":"https:\/\/associacaomedicacascavel.com\/index.php\/wp-json\/wp\/v2\/pages\/296\/revisions\/349"}],"wp:attachment":[{"href":"https:\/\/associacaomedicacascavel.com\/index.php\/wp-json\/wp\/v2\/media?parent=296"}],"curies":[{"name":"wp","href":"https:\/\/api.w.org\/{rel}","templated":true}]}}