{"id":401,"date":"2017-06-08T11:28:26","date_gmt":"2017-06-08T14:28:26","guid":{"rendered":"http:\/\/associacaomedicacascavel.com\/?page_id=401"},"modified":"2017-06-08T11:29:54","modified_gmt":"2017-06-08T14:29:54","slug":"seguros","status":"publish","type":"page","link":"https:\/\/associacaomedicacascavel.com\/index.php\/seguros\/","title":{"rendered":"Seguros"},"content":{"rendered":"<body><p><\/p>\n<p style=\"text-align: center;\">IZANELLA \u2013 Corretora de Seguros, tem condi\u00e7\u00f5es especiais para associados da Associa\u00e7\u00e3o M\u00e9dica de Cascavel.<\/p>\n<p><img loading=\"lazy\" decoding=\"async\" class=\"wp-image-402 size-large aligncenter\" src=\"http:\/\/associacaomedicacascavel.com\/wp-content\/uploads\/2017\/06\/izanell-1024x366.png\" alt=\"\" width=\"1024\" height=\"366\" loading=\"lazy\" srcset=\"https:\/\/associacaomedicacascavel.com\/wp-content\/uploads\/2017\/06\/izanell-1024x366.png 1024w, https:\/\/associacaomedicacascavel.com\/wp-content\/uploads\/2017\/06\/izanell-300x107.png 300w, https:\/\/associacaomedicacascavel.com\/wp-content\/uploads\/2017\/06\/izanell-768x275.png 768w\" sizes=\"auto, (max-width: 1024px) 100vw, 1024px\" \/><\/p>\n<\/body>","protected":false},"excerpt":{"rendered":"<p>IZANELLA \u2013 Corretora de Seguros, tem condi\u00e7\u00f5es especiais para associados da Associa\u00e7\u00e3o M\u00e9dica de Cascavel.<\/p>\n","protected":false},"author":1,"featured_media":0,"parent":0,"menu_order":0,"comment_status":"closed","ping_status":"closed","template":"","meta":{"footnotes":""},"class_list":["post-401","page","type-page","status-publish","hentry"],"_links":{"self":[{"href":"https:\/\/associacaomedicacascavel.com\/index.php\/wp-json\/wp\/v2\/pages\/401","targetHints":{"allow":["GET"]}}],"collection":[{"href":"https:\/\/associacaomedicacascavel.com\/index.php\/wp-json\/wp\/v2\/pages"}],"about":[{"href":"https:\/\/associacaomedicacascavel.com\/index.php\/wp-json\/wp\/v2\/types\/page"}],"author":[{"embeddable":true,"href":"https:\/\/associacaomedicacascavel.com\/index.php\/wp-json\/wp\/v2\/users\/1"}],"replies":[{"embeddable":true,"href":"https:\/\/associacaomedicacascavel.com\/index.php\/wp-json\/wp\/v2\/comments?post=401"}],"version-history":[{"count":2,"href":"https:\/\/associacaomedicacascavel.com\/index.php\/wp-json\/wp\/v2\/pages\/401\/revisions"}],"predecessor-version":[{"id":405,"href":"https:\/\/associacaomedicacascavel.com\/index.php\/wp-json\/wp\/v2\/pages\/401\/revisions\/405"}],"wp:attachment":[{"href":"https:\/\/associacaomedicacascavel.com\/index.php\/wp-json\/wp\/v2\/media?parent=401"}],"curies":[{"name":"wp","href":"https:\/\/api.w.org\/{rel}","templated":true}]}}