{"id":53,"date":"2016-10-03T14:27:46","date_gmt":"2016-10-03T17:27:46","guid":{"rendered":"http:\/\/associacaomedicacascavel.com\/?page_id=53"},"modified":"2021-09-21T15:34:31","modified_gmt":"2021-09-21T18:34:31","slug":"links-uteis","status":"publish","type":"page","link":"https:\/\/associacaomedicacascavel.com\/index.php\/links-uteis\/","title":{"rendered":"Links \u00dateis"},"content":{"rendered":"<body><h2 style=\"text-align: center;\"><a href=\"https:\/\/www.revistaafeto.com.br\/\" target=\"_blank\" rel=\"noopener\"><span style=\"color: #6ec1e4;\"><strong>Revista Afeto \u2013 Org\u00e3o Oficial da AMC<\/strong><\/span><\/a><\/h2>\n<h3 style=\"text-align: center;\"><a href=\"http:\/\/www.cascavel.pr.gov.br\/\" target=\"_blank\" rel=\"noopener\"><span style=\"color: #6ec1e4;\"><strong>Prefeitura Municipal de Cascavel<\/strong><\/span><\/a><\/h3>\n<h3 style=\"text-align: center;\"><a href=\"https:\/\/www.google.com.br\/url?sa=t&amp;rct=j&amp;q=&amp;esrc=s&amp;source=web&amp;cd=1&amp;cad=rja&amp;uact=8&amp;ved=0ahUKEwiAoKHW1I_SAhUFhJAKHdOyCcQQFggcMAA&amp;url=http%3A%2F%2Fwww.pr.gov.br%2F&amp;usg=AFQjCNHsUjfSAFQzq4qNqdDgHb0OqdpOIg&amp;sig2=p0MxoIJPRKUOlvL_AqeWyw\" target=\"_blank\" rel=\"noopener\"><span style=\"color: #6ec1e4;\"><strong>Governo do Estado do Paran\u00e1<\/strong><\/span><\/a><\/h3>\n<h3 style=\"text-align: center;\"><a href=\"http:\/\/www.brasil.gov.br\/\" target=\"_blank\" rel=\"noopener\"><span style=\"color: #6ec1e4;\"><strong>Governo Federal<\/strong><\/span><\/a><\/h3>\n<h3 style=\"text-align: center;\"><a href=\"http:\/\/www.oparana.com.br\/\" target=\"_blank\" rel=\"noopener\"><span style=\"color: #6ec1e4;\"><strong>Jornal O<\/strong><\/span><span style=\"color: #6ec1e4;\"><strong>\u00a0Paran\u00e1<\/strong><\/span><\/a><\/h3>\n<h3 style=\"text-align: center;\"><a href=\"http:\/\/www.jhoje.com.br\/\" target=\"_blank\" rel=\"noopener\"><span style=\"color: #6ec1e4;\"><strong>Jornal Hoje<\/strong><\/span><\/a><\/h3>\n<h3 style=\"text-align: center;\"><a href=\"http:\/\/www.gazetadoparana.com.br\/pub\/publico\/\" target=\"_blank\" rel=\"noopener\"><span style=\"color: #6ec1e4;\"><strong>Jornal Gazeta do Paran\u00e1<\/strong><\/span><\/a><\/h3>\n<h3 style=\"text-align: center;\"><a href=\"http:\/\/www.revistaaldeia.com.br\/\" target=\"_blank\" rel=\"noopener\"><span style=\"color: #6ec1e4;\"><strong>Revista Aldeia<\/strong><\/span><\/a><\/h3>\n<h3 style=\"text-align: center;\"><a href=\"http:\/\/www.revistasaudenews.com.br\/\" target=\"_blank\" rel=\"noopener\"><span style=\"color: #6ec1e4;\"><strong>Revista Sa\u00fade News<\/strong><\/span><\/a><\/h3>\n<h3 style=\"text-align: center;\"><a href=\"http:\/\/independenciaam.com.br\/\" target=\"_blank\" rel=\"noopener\"><span style=\"color: #6ec1e4;\"><strong>R\u00e1dio Independ\u00eancia AM<\/strong><\/span><\/a><\/h3>\n<h3 style=\"text-align: center;\"><a href=\"https:\/\/www.cbncascavel.com.br\/\" target=\"_blank\" rel=\"noopener\"><span style=\"color: #6ec1e4;\"><strong>R\u00e1dio CBN Cascavel<\/strong><\/span><\/a><\/h3>\n<h3 style=\"text-align: center;\"><a href=\"http:\/\/radiocolmeia.com.br\/\" target=\"_blank\" rel=\"noopener\"><span style=\"color: #6ec1e4;\"><strong>R\u00e1dio Colm\u00e9ia AM<\/strong><\/span><\/a><\/h3>\n<h3 style=\"text-align: center;\"><a href=\"http:\/\/www.acicvel.com.br\/noticias\/item\/11390-cascavel-2030-projeto-quer-ajudar-a-transformar-o-municipio.html\" target=\"_blank\" rel=\"noopener\"><span style=\"color: #6ec1e4;\"><strong>ACIC \u2013\u00a0Cidades Inovadoras \u2013 Cascavel 2030<\/strong><\/span><\/a><\/h3>\n<h3 style=\"text-align: center;\"><\/h3>\n<\/body>","protected":false},"excerpt":{"rendered":"<p>Revista Afeto \u2013 Org\u00e3o Oficial da AMC Prefeitura Municipal de Cascavel Governo do Estado do Paran\u00e1 Governo Federal Jornal O\u00a0Paran\u00e1 Jornal Hoje Jornal Gazeta do Paran\u00e1 Revista Aldeia Revista Sa\u00fade News R\u00e1dio Independ\u00eancia AM R\u00e1dio CBN Cascavel R\u00e1dio Colm\u00e9ia AM ACIC \u2013\u00a0Cidades Inovadoras \u2013 Cascavel 2030<\/p>\n","protected":false},"author":1,"featured_media":0,"parent":0,"menu_order":0,"comment_status":"closed","ping_status":"closed","template":"","meta":{"footnotes":""},"class_list":["post-53","page","type-page","status-publish","hentry"],"_links":{"self":[{"href":"https:\/\/associacaomedicacascavel.com\/index.php\/wp-json\/wp\/v2\/pages\/53","targetHints":{"allow":["GET"]}}],"collection":[{"href":"https:\/\/associacaomedicacascavel.com\/index.php\/wp-json\/wp\/v2\/pages"}],"about":[{"href":"https:\/\/associacaomedicacascavel.com\/index.php\/wp-json\/wp\/v2\/types\/page"}],"author":[{"embeddable":true,"href":"https:\/\/associacaomedicacascavel.com\/index.php\/wp-json\/wp\/v2\/users\/1"}],"replies":[{"embeddable":true,"href":"https:\/\/associacaomedicacascavel.com\/index.php\/wp-json\/wp\/v2\/comments?post=53"}],"version-history":[{"count":20,"href":"https:\/\/associacaomedicacascavel.com\/index.php\/wp-json\/wp\/v2\/pages\/53\/revisions"}],"predecessor-version":[{"id":1673,"href":"https:\/\/associacaomedicacascavel.com\/index.php\/wp-json\/wp\/v2\/pages\/53\/revisions\/1673"}],"wp:attachment":[{"href":"https:\/\/associacaomedicacascavel.com\/index.php\/wp-json\/wp\/v2\/media?parent=53"}],"curies":[{"name":"wp","href":"https:\/\/api.w.org\/{rel}","templated":true}]}}